{"id":49265,"date":"2024-09-24T10:33:21","date_gmt":"2024-09-24T08:33:21","guid":{"rendered":"https:\/\/www.h-its.org\/de\/?post_type=tribe_events&#038;p=49265"},"modified":"2024-10-09T11:05:16","modified_gmt":"2024-10-09T09:05:16","slug":"mokler-vortrag","status":"publish","type":"tribe_events","link":"https:\/\/www.h-its.org\/de\/event\/mokler-vortrag\/","title":{"rendered":"Felicitas Mokler: Journalismus und K\u00fcnstliche Intelligenz &#8211; passt das zusammen?"},"content":{"rendered":"<p>Texte, Videos, Podcasts produzieren \u2013 dank KI-basierter Software scheint das heute im Handumdrehen m\u00f6glich. Das hat Konsequenzen f\u00fcr den Journalismus \u2013 in Sachen Fake News oder Urheberrecht ebenso wie f\u00fcr die Arbeit in Redaktionen.<\/p>\n<p>Doch auch in anderen Bereichen hat Software, die auf maschinellem Lernen basiert, im Journalismus Einzug gehalten \u2013 und das schon seit l\u00e4ngerem: Sei es bei datenintensiven Recherchen, im Investigativjournalismus oder wenn es darum geht, das Nutzerverhalten zu analysieren und Gesch\u00e4ftsmodelle zu optimieren.<\/p>\n<p>Wie also steht es um den Journalismus im Licht dieser neuen technischen M\u00f6glichkeiten? Wie kann er davon profitieren? Wo sind die Grenzen, wo die Risiken? Und kann sich das Publikum auf diesen neuen Journalismus auch verlassen?<\/p>\n<p>Diese Fragen wird <a href=\"https:\/\/www.h-its.org\/de\/2024\/05\/29\/jir-2024-mokler_start\/\" target=\"_blank\" rel=\"noopener\">Dr. Felicitas Mokler<\/a>, \u201eJournalist in Residence 2024\u201c am Heidelberger Institut f\u00fcr Theoretische Studien (HITS), in ihrem Vortrag diskutieren.<\/p>\n<p>Der Vortrag in deutscher Sprache findet in der <a href=\"https:\/\/www.heidelberg-mains.org\/\" target=\"_blank\" rel=\"noopener\">\u201cMAINS\u201d (Mathematik-Informatik-Station),<\/a> Kurf\u00fcrstenanlage 52, statt, ganz in der N\u00e4he des Hauptbahnhofs. Das HITS veranstaltet den Event gemeinsam mit der <a href=\"https:\/\/www.hlf-foundation.org\/\">Heidelberg Laureate Forum Foundation<\/a> (HLFF), die das <a href=\"https:\/\/www.heidelberg-laureate-forum.org\/\" target=\"_blank\" rel=\"noopener\">Heidelberg Laureate Forum<\/a> organisiert, ein j\u00e4hrlich stattfindendes Treffen der Preistr\u00e4gerinnen und Preistr\u00e4ger aus Mathematik und Informatik mit jungen Forschenden aus aller Welt.<\/p>\n<p>Mehr Informationen auf der Seite der MAINS: <a href=\"https:\/\/www.heidelberg-mains.org\/veranstaltungen\/vortrag-journalismus-und-ki\/\" target=\"_blank\" rel=\"noopener\">https:\/\/www.heidelberg-mains.org\/veranstaltungen\/vortrag-journalismus-und-ki\/<\/a><\/p>\n","protected":false},"excerpt":{"rendered":"<p>Texte, Videos, Podcasts produzieren \u2013 dank KI-basierter Software scheint das heute im Handumdrehen m\u00f6glich. Das hat Konsequenzen f\u00fcr den Journalismus \u2013 &#8230;<\/p>\n","protected":false},"author":156,"featured_media":49266,"template":"","meta":{"_acf_changed":false,"inline_featured_image":false,"_tribe_events_status":"","_tribe_events_status_reason":"","footnotes":""},"tags":[],"hits-research-group":[1333],"tribe_events_cat":[],"class_list":["post-49265","tribe_events","type-tribe_events","status-publish","has-post-thumbnail","hentry","hits-research-group-communications"],"acf":[],"yoast_head":"<!-- This site is optimized with the Yoast SEO plugin v27.4 - https:\/\/yoast.com\/product\/yoast-seo-wordpress\/ -->\n<title>Felicitas Mokler: Journalismus und K\u00fcnstliche Intelligenz - passt das zusammen? - HITS gGmbH<\/title>\n<meta name=\"robots\" content=\"index, follow, max-snippet:-1, max-image-preview:large, max-video-preview:-1\" \/>\n<link rel=\"canonical\" href=\"https:\/\/www.h-its.org\/de\/event\/mokler-vortrag\/\" \/>\n<meta property=\"og:locale\" content=\"de_DE\" \/>\n<meta property=\"og:type\" content=\"article\" \/>\n<meta property=\"og:title\" content=\"Felicitas Mokler: Journalismus und K\u00fcnstliche Intelligenz - passt das zusammen? - HITS gGmbH\" \/>\n<meta property=\"og:description\" content=\"Texte, Videos, Podcasts produzieren \u2013 dank KI-basierter Software scheint das heute im Handumdrehen m\u00f6glich. Das hat Konsequenzen f\u00fcr den Journalismus \u2013 ...\" \/>\n<meta property=\"og:url\" content=\"https:\/\/www.h-its.org\/de\/event\/mokler-vortrag\/\" \/>\n<meta property=\"og:site_name\" content=\"HITS gGmbH\" \/>\n<meta property=\"article:modified_time\" content=\"2024-10-09T09:05:16+00:00\" \/>\n<meta property=\"og:image\" content=\"https:\/\/www.h-its.org\/de\/wp-content\/uploads\/sites\/2\/2024\/09\/2022_09_17_mathis_beutel2147_Ausschnitt.jpg\" \/>\n\t<meta property=\"og:image:width\" content=\"1390\" \/>\n\t<meta property=\"og:image:height\" content=\"1146\" \/>\n\t<meta property=\"og:image:type\" content=\"image\/jpeg\" \/>\n<meta name=\"twitter:card\" content=\"summary_large_image\" \/>\n<meta name=\"twitter:label1\" content=\"Gesch\u00e4tzte Lesezeit\" \/>\n\t<meta name=\"twitter:data1\" content=\"2\u00a0Minuten\" \/>\n<script type=\"application\/ld+json\" class=\"yoast-schema-graph\">{\"@context\":\"https:\\\/\\\/schema.org\",\"@graph\":[{\"@type\":\"WebPage\",\"@id\":\"https:\\\/\\\/www.h-its.org\\\/de\\\/event\\\/mokler-vortrag\\\/\",\"url\":\"https:\\\/\\\/www.h-its.org\\\/de\\\/event\\\/mokler-vortrag\\\/\",\"name\":\"Felicitas Mokler: Journalismus und K\u00fcnstliche Intelligenz - passt das zusammen? - HITS gGmbH\",\"isPartOf\":{\"@id\":\"https:\\\/\\\/www.h-its.org\\\/de\\\/#website\"},\"primaryImageOfPage\":{\"@id\":\"https:\\\/\\\/www.h-its.org\\\/de\\\/event\\\/mokler-vortrag\\\/#primaryimage\"},\"image\":{\"@id\":\"https:\\\/\\\/www.h-its.org\\\/de\\\/event\\\/mokler-vortrag\\\/#primaryimage\"},\"thumbnailUrl\":\"https:\\\/\\\/www.h-its.org\\\/de\\\/wp-content\\\/uploads\\\/sites\\\/2\\\/2024\\\/09\\\/2022_09_17_mathis_beutel2147_Ausschnitt.jpg\",\"datePublished\":\"2024-09-24T08:33:21+00:00\",\"dateModified\":\"2024-10-09T09:05:16+00:00\",\"breadcrumb\":{\"@id\":\"https:\\\/\\\/www.h-its.org\\\/de\\\/event\\\/mokler-vortrag\\\/#breadcrumb\"},\"inLanguage\":\"de\",\"potentialAction\":[{\"@type\":\"ReadAction\",\"target\":[\"https:\\\/\\\/www.h-its.org\\\/de\\\/event\\\/mokler-vortrag\\\/\"]}]},{\"@type\":\"ImageObject\",\"inLanguage\":\"de\",\"@id\":\"https:\\\/\\\/www.h-its.org\\\/de\\\/event\\\/mokler-vortrag\\\/#primaryimage\",\"url\":\"https:\\\/\\\/www.h-its.org\\\/de\\\/wp-content\\\/uploads\\\/sites\\\/2\\\/2024\\\/09\\\/2022_09_17_mathis_beutel2147_Ausschnitt.jpg\",\"contentUrl\":\"https:\\\/\\\/www.h-its.org\\\/de\\\/wp-content\\\/uploads\\\/sites\\\/2\\\/2024\\\/09\\\/2022_09_17_mathis_beutel2147_Ausschnitt.jpg\",\"width\":1390,\"height\":1146},{\"@type\":\"BreadcrumbList\",\"@id\":\"https:\\\/\\\/www.h-its.org\\\/de\\\/event\\\/mokler-vortrag\\\/#breadcrumb\",\"itemListElement\":[{\"@type\":\"ListItem\",\"position\":1,\"name\":\"Home\",\"item\":\"https:\\\/\\\/www.h-its.org\\\/de\\\/\"},{\"@type\":\"ListItem\",\"position\":2,\"name\":\"Veranstaltungen\",\"item\":\"https:\\\/\\\/www.h-its.org\\\/de\\\/events\\\/\"},{\"@type\":\"ListItem\",\"position\":3,\"name\":\"Felicitas Mokler: Journalismus und K\u00fcnstliche Intelligenz &#8211; passt das zusammen?\"}]},{\"@type\":\"WebSite\",\"@id\":\"https:\\\/\\\/www.h-its.org\\\/de\\\/#website\",\"url\":\"https:\\\/\\\/www.h-its.org\\\/de\\\/\",\"name\":\"HITS gGmbH\",\"description\":\"Heidelberg Institute for Theoretical Studies\",\"potentialAction\":[{\"@type\":\"SearchAction\",\"target\":{\"@type\":\"EntryPoint\",\"urlTemplate\":\"https:\\\/\\\/www.h-its.org\\\/de\\\/?s={search_term_string}\"},\"query-input\":{\"@type\":\"PropertyValueSpecification\",\"valueRequired\":true,\"valueName\":\"search_term_string\"}}],\"inLanguage\":\"de\"}]}<\/script>\n<!-- \/ Yoast SEO plugin. -->","yoast_head_json":{"title":"Felicitas Mokler: Journalismus und K\u00fcnstliche Intelligenz - passt das zusammen? - HITS gGmbH","robots":{"index":"index","follow":"follow","max-snippet":"max-snippet:-1","max-image-preview":"max-image-preview:large","max-video-preview":"max-video-preview:-1"},"canonical":"https:\/\/www.h-its.org\/de\/event\/mokler-vortrag\/","og_locale":"de_DE","og_type":"article","og_title":"Felicitas Mokler: Journalismus und K\u00fcnstliche Intelligenz - passt das zusammen? - HITS gGmbH","og_description":"Texte, Videos, Podcasts produzieren \u2013 dank KI-basierter Software scheint das heute im Handumdrehen m\u00f6glich. Das hat Konsequenzen f\u00fcr den Journalismus \u2013 ...","og_url":"https:\/\/www.h-its.org\/de\/event\/mokler-vortrag\/","og_site_name":"HITS gGmbH","article_modified_time":"2024-10-09T09:05:16+00:00","og_image":[{"width":1390,"height":1146,"url":"https:\/\/www.h-its.org\/de\/wp-content\/uploads\/sites\/2\/2024\/09\/2022_09_17_mathis_beutel2147_Ausschnitt.jpg","type":"image\/jpeg"}],"twitter_card":"summary_large_image","twitter_misc":{"Gesch\u00e4tzte Lesezeit":"2\u00a0Minuten"},"schema":{"@context":"https:\/\/schema.org","@graph":[{"@type":"WebPage","@id":"https:\/\/www.h-its.org\/de\/event\/mokler-vortrag\/","url":"https:\/\/www.h-its.org\/de\/event\/mokler-vortrag\/","name":"Felicitas Mokler: Journalismus und K\u00fcnstliche Intelligenz - passt das zusammen? - HITS gGmbH","isPartOf":{"@id":"https:\/\/www.h-its.org\/de\/#website"},"primaryImageOfPage":{"@id":"https:\/\/www.h-its.org\/de\/event\/mokler-vortrag\/#primaryimage"},"image":{"@id":"https:\/\/www.h-its.org\/de\/event\/mokler-vortrag\/#primaryimage"},"thumbnailUrl":"https:\/\/www.h-its.org\/de\/wp-content\/uploads\/sites\/2\/2024\/09\/2022_09_17_mathis_beutel2147_Ausschnitt.jpg","datePublished":"2024-09-24T08:33:21+00:00","dateModified":"2024-10-09T09:05:16+00:00","breadcrumb":{"@id":"https:\/\/www.h-its.org\/de\/event\/mokler-vortrag\/#breadcrumb"},"inLanguage":"de","potentialAction":[{"@type":"ReadAction","target":["https:\/\/www.h-its.org\/de\/event\/mokler-vortrag\/"]}]},{"@type":"ImageObject","inLanguage":"de","@id":"https:\/\/www.h-its.org\/de\/event\/mokler-vortrag\/#primaryimage","url":"https:\/\/www.h-its.org\/de\/wp-content\/uploads\/sites\/2\/2024\/09\/2022_09_17_mathis_beutel2147_Ausschnitt.jpg","contentUrl":"https:\/\/www.h-its.org\/de\/wp-content\/uploads\/sites\/2\/2024\/09\/2022_09_17_mathis_beutel2147_Ausschnitt.jpg","width":1390,"height":1146},{"@type":"BreadcrumbList","@id":"https:\/\/www.h-its.org\/de\/event\/mokler-vortrag\/#breadcrumb","itemListElement":[{"@type":"ListItem","position":1,"name":"Home","item":"https:\/\/www.h-its.org\/de\/"},{"@type":"ListItem","position":2,"name":"Veranstaltungen","item":"https:\/\/www.h-its.org\/de\/events\/"},{"@type":"ListItem","position":3,"name":"Felicitas Mokler: Journalismus und K\u00fcnstliche Intelligenz &#8211; passt das zusammen?"}]},{"@type":"WebSite","@id":"https:\/\/www.h-its.org\/de\/#website","url":"https:\/\/www.h-its.org\/de\/","name":"HITS gGmbH","description":"Heidelberg Institute for Theoretical Studies","potentialAction":[{"@type":"SearchAction","target":{"@type":"EntryPoint","urlTemplate":"https:\/\/www.h-its.org\/de\/?s={search_term_string}"},"query-input":{"@type":"PropertyValueSpecification","valueRequired":true,"valueName":"search_term_string"}}],"inLanguage":"de"}]}},"publishpress_future_action":{"enabled":false,"date":"2026-05-04 02:04:20","action":"change-status","newStatus":"draft","terms":[],"taxonomy":"tribe_events_cat","extraData":[]},"publishpress_future_workflow_manual_trigger":{"enabledWorkflows":[]},"_links":{"self":[{"href":"https:\/\/www.h-its.org\/de\/wp-json\/wp\/v2\/tribe_events\/49265","targetHints":{"allow":["GET"]}}],"collection":[{"href":"https:\/\/www.h-its.org\/de\/wp-json\/wp\/v2\/tribe_events"}],"about":[{"href":"https:\/\/www.h-its.org\/de\/wp-json\/wp\/v2\/types\/tribe_events"}],"author":[{"embeddable":true,"href":"https:\/\/www.h-its.org\/de\/wp-json\/wp\/v2\/users\/156"}],"version-history":[{"count":7,"href":"https:\/\/www.h-its.org\/de\/wp-json\/wp\/v2\/tribe_events\/49265\/revisions"}],"predecessor-version":[{"id":49319,"href":"https:\/\/www.h-its.org\/de\/wp-json\/wp\/v2\/tribe_events\/49265\/revisions\/49319"}],"wp:featuredmedia":[{"embeddable":true,"href":"https:\/\/www.h-its.org\/de\/wp-json\/wp\/v2\/media\/49266"}],"wp:attachment":[{"href":"https:\/\/www.h-its.org\/de\/wp-json\/wp\/v2\/media?parent=49265"}],"wp:term":[{"taxonomy":"post_tag","embeddable":true,"href":"https:\/\/www.h-its.org\/de\/wp-json\/wp\/v2\/tags?post=49265"},{"taxonomy":"hits-research-group","embeddable":true,"href":"https:\/\/www.h-its.org\/de\/wp-json\/wp\/v2\/hits-research-group?post=49265"},{"taxonomy":"tribe_events_cat","embeddable":true,"href":"https:\/\/www.h-its.org\/de\/wp-json\/wp\/v2\/tribe_events_cat?post=49265"}],"curies":[{"name":"wp","href":"https:\/\/api.w.org\/{rel}","templated":true}]}}

Felicitas Mokler: Journalismus und Künstliche Intelligenz &#8211; passt das zusammen?

<p>Texte, Videos, Podcasts produzieren – dank KI-basierter Software scheint das heute im Handumdrehen möglich. Das hat Konsequenzen für den Journalismus – in Sachen Fake News oder Urheberrecht ebenso wie für die Arbeit in Redaktionen.</p>
<p>Doch auch in anderen Bereichen hat Software, die auf maschinellem Lernen basiert, im Journalismus Einzug gehalten – und das schon seit längerem: Sei es bei datenintensiven Recherchen, im Investigativjournalismus oder wenn es darum geht, das Nutzerverhalten zu analysieren und Geschäftsmodelle zu optimieren.</p>
<p>Wie also steht es um den Journalismus im Licht dieser neuen technischen Möglichkeiten? Wie kann er davon profitieren? Wo sind die Grenzen, wo die Risiken? Und kann sich das Publikum auf diesen neuen Journalismus auch verlassen?</p>
<p>Diese Fragen wird <a href="https://www.h-its.org/de/2024/05/29/jir-2024-mokler_start/" target="_blank" rel="noopener">Dr. Felicitas Mokler</a>, „Journalist in Residence 2024“ am Heidelberger Institut für Theoretische Studien (HITS), in ihrem Vortrag diskutieren.</p>
<p>Der Vortrag in deutscher Sprache findet in der <a href="https://www.heidelberg-mains.org/" target="_blank" rel="noopener">“MAINS” (Mathematik-Informatik-Station),</a> Kurfürstenanlage 52, statt, ganz in der Nähe des Hauptbahnhofs. Das HITS veranstaltet den Event gemeinsam mit der <a href="https://www.hlf-foundation.org/">Heidelberg Laureate Forum Foundation</a> (HLFF), die das <a href="https://www.heidelberg-laureate-forum.org/" target="_blank" rel="noopener">Heidelberg Laureate Forum</a> organisiert, ein jährlich stattfindendes Treffen der Preisträgerinnen und Preisträger aus Mathematik und Informatik mit jungen Forschenden aus aller Welt.</p>
<p>Mehr Informationen auf der Seite der MAINS: <a href="https://www.heidelberg-mains.org/veranstaltungen/vortrag-journalismus-und-ki/" target="_blank" rel="noopener">https://www.heidelberg-mains.org/veranstaltungen/vortrag-journalismus-und-ki/</a></p>

<p>Texte, Videos, Podcasts produzieren – dank KI-basierter Software scheint das heute im Handumdrehen möglich. Das hat Konsequenzen für den Journalismus – &#8230;</p>

<!-- This site is optimized with the Yoast SEO plugin v27.4 - https://yoast.com/product/yoast-seo-wordpress/ -->
<title>Felicitas Mokler: Journalismus und Künstliche Intelligenz - passt das zusammen? - HITS gGmbH</title>
<meta name="robots" content="index, follow, max-snippet:-1, max-image-preview:large, max-video-preview:-1" />
<link rel="canonical" href="https://www.h-its.org/de/event/mokler-vortrag/" />
<meta property="og:locale" content="de_DE" />
<meta property="og:type" content="article" />
<meta property="og:title" content="Felicitas Mokler: Journalismus und Künstliche Intelligenz - passt das zusammen? - HITS gGmbH" />
<meta property="og:description" content="Texte, Videos, Podcasts produzieren – dank KI-basierter Software scheint das heute im Handumdrehen möglich. Das hat Konsequenzen für den Journalismus – ..." />
<meta property="og:url" content="https://www.h-its.org/de/event/mokler-vortrag/" />
<meta property="og:site_name" content="HITS gGmbH" />
<meta property="article:modified_time" content="2024-10-09T09:05:16+00:00" />
<meta property="og:image" content="https://www.h-its.org/de/wp-content/uploads/sites/2/2024/09/2022_09_17_mathis_beutel2147_Ausschnitt.jpg" />
	<meta property="og:image:width" content="1390" />
	<meta property="og:image:height" content="1146" />
	<meta property="og:image:type" content="image/jpeg" />
<meta name="twitter:card" content="summary_large_image" />
<meta name="twitter:label1" content="Geschätzte Lesezeit" />
	<meta name="twitter:data1" content="2 Minuten" />
<script type="application/ld+json" class="yoast-schema-graph">{"@context":"https:\/\/schema.org","@graph":[{"@type":"WebPage","@id":"https:\/\/www.h-its.org\/de\/event\/mokler-vortrag\/","url":"https:\/\/www.h-its.org\/de\/event\/mokler-vortrag\/","name":"Felicitas Mokler: Journalismus und Künstliche Intelligenz - passt das zusammen? - HITS gGmbH","isPartOf":{"@id":"https:\/\/www.h-its.org\/de\/#website"},"primaryImageOfPage":{"@id":"https:\/\/www.h-its.org\/de\/event\/mokler-vortrag\/#primaryimage"},"image":{"@id":"https:\/\/www.h-its.org\/de\/event\/mokler-vortrag\/#primaryimage"},"thumbnailUrl":"https:\/\/www.h-its.org\/de\/wp-content\/uploads\/sites\/2\/2024\/09\/2022_09_17_mathis_beutel2147_Ausschnitt.jpg","datePublished":"2024-09-24T08:33:21+00:00","dateModified":"2024-10-09T09:05:16+00:00","breadcrumb":{"@id":"https:\/\/www.h-its.org\/de\/event\/mokler-vortrag\/#breadcrumb"},"inLanguage":"de","potentialAction":[{"@type":"ReadAction","target":["https:\/\/www.h-its.org\/de\/event\/mokler-vortrag\/"]}]},{"@type":"ImageObject","inLanguage":"de","@id":"https:\/\/www.h-its.org\/de\/event\/mokler-vortrag\/#primaryimage","url":"https:\/\/www.h-its.org\/de\/wp-content\/uploads\/sites\/2\/2024\/09\/2022_09_17_mathis_beutel2147_Ausschnitt.jpg","contentUrl":"https:\/\/www.h-its.org\/de\/wp-content\/uploads\/sites\/2\/2024\/09\/2022_09_17_mathis_beutel2147_Ausschnitt.jpg","width":1390,"height":1146},{"@type":"BreadcrumbList","@id":"https:\/\/www.h-its.org\/de\/event\/mokler-vortrag\/#breadcrumb","itemListElement":[{"@type":"ListItem","position":1,"name":"Home","item":"https:\/\/www.h-its.org\/de\/"},{"@type":"ListItem","position":2,"name":"Veranstaltungen","item":"https:\/\/www.h-its.org\/de\/events\/"},{"@type":"ListItem","position":3,"name":"Felicitas Mokler: Journalismus und Künstliche Intelligenz &#8211; passt das zusammen?"}]},{"@type":"WebSite","@id":"https:\/\/www.h-its.org\/de\/#website","url":"https:\/\/www.h-its.org\/de\/","name":"HITS gGmbH","description":"Heidelberg Institute for Theoretical Studies","potentialAction":[{"@type":"SearchAction","target":{"@type":"EntryPoint","urlTemplate":"https:\/\/www.h-its.org\/de\/?s={search_term_string}"},"query-input":{"@type":"PropertyValueSpecification","valueRequired":true,"valueName":"search_term_string"}}],"inLanguage":"de"}]}</script>
<!-- / Yoast SEO plugin. -->

Felicitas Mokler: Journalismus und Künstliche Intelligenz - passt das zusammen? - HITS gGmbH

Texte, Videos, Podcasts produzieren – dank KI-basierter Software scheint das heute im Handumdrehen möglich. Das hat Konsequenzen für den Journalismus – ...
